 + 217*t - 34. Calculate d(24).
-10
Let u(k) = -11*k - 12. Give u(-5).
43
Let q(f) = f**2 - 13. What is q(0)?
-13
Let a(x) = 2*x + 8. What is a(-15)?
-22
Let o(c) = c**2 - 7*c - 7. Give o(6).
-13
Let r(f) = f**2 + 2*f + 2. Give r(-3).
5
Let s(g) = -2*g**3 - 20*g**2 + 5*g + 45. Determine s(-10).
-5
Let d(l) = -4*l - 1. What is d(-7)?
27
Let l(m) = m**2 - 48. What is l(0)?
-48
Let c(b) = b**2 - 7*b + 2. What is c(3)?
-10
Let w(g) = 4*g + 16. What is w(-7)?
-12
Let b(i) = -12*i**3 - i**2 - i - 1. Determine b(-1).
11
Let n(r) = 6*r**2. Calculate n(2).
24
Let q(x) = x**3 + x**2 + 4*x - 1. What is q(4)?
95
Let r(t) = 72*t - 520. What is r(7)?
-16
Let v(z) = 2*z + 39. What is v(-18)?
3
Let d(s) = s**3 + 16*s**2 + 15*s. Give d(-15).
0
Let o(d) = -d**3 - 9*d**2 - 3*d - 3. Calculate o(-9).
24
Let y(q) = -q**2 - 3*q - 4. Determine y(-10).
-74
Let s(o) = -9*o + 3. Calculate s(1).
-6
Let w(l) = 7*l**2 + 7*l - 6. Give w(1).
8
Let l(k) = 4*k**2 - 45*k - 21. What is l(12)?
15
Let t(m) = -m**3 - 19*m**2 + 7*m + 32. What is t(-19)?
-101
Let u(m) = m**2 - 12*m + 14. Determine u(10).
-6
Let c(l) = -l**3 + 10*l**2 - 23*l - 6. Determine c(6).
0
Let y(g) = -g**3 - 5*g**2 - 5*g. Calculate y(-4).
4
Let q(i) = i**2 - 8*i + 14. Give q(7).
7
Let q(v) = -7*v - 75. Calculate q(-10).
-5
Let y(k) = -24*k - 136. Give y(-6).
8
Let q(h) = -h**3 + 2*h**2 + 9*h - 10. Determine q(3).
8
Let i(v) = -2*v**2 + 9*v - 1. Determine i(5).
-6
Let l(r) = 9*r - 6. Determine l(-9).
-87
Let x(g) = 2*g**2 + 11*g + 3. What is x(-5)?
-2
Let x(g) = -g + 25. What is x(15)?
10
Let y(h) = -h**3 + 6*h**2 + h - 7. Determine y(7).
-49
Let f(p) = -p**2 - 9*p + 19. Determine f(-11).
-3
Let f(y) = -2*y + 9. Give f(-12).
33
Let k(o) = 38*o - 1791. Determine k(47).
-5
Let j(c) = c**2 - 12*c + 20. What is j(8)?
-12
Let r(o) = 21*o. Determine r(1).
21
Let k(y) = y**2 + 8*y + 7. Give k(-3).
-8
Let a(d) = -d**3 + 4*d**2 + 5*d + 6. Calculate a(5).
6
Let c(b) = 12*b + 63. Calculate c(-5).
3
Let k(s) = -2*s**2 + 48*s + 52. Calculate k(25).
2
Let x(f) = 20*f - 8. Calculate x(-4).
-88
Let i(c) = -2*c - 17. Determine i(-8).
-1
Let j(g) = g**3 + 10*g**2 + 7. Calculate j(-10).
7
Let f(j) = j**3 - 25*j**2 + j - 32. Determine f(25).
-7
Let m(p) = 14*p - 112. What is m(8)?
0
Let g(m) = -2*m**2 + 7*m - 5. Give g(8).
-77
Let q(a) = a**3 - 3*a**2 + a - 8. Give q(4).
12
Let p(z) = -z**3 - 8*z**2 - z - 3. What is p(-7)?
-45
Let a(y) = -13*y + 3. Calculate a(-2).
29
Let v(s) = -3*s**2 + 2*s + 11. What is v(0)?
11
Let b(l) = -l**3 + 12*l**2 - 3*l + 33. Calculate b(12).
-3
Let h(d) = -d**3 - 5*d**2 - 3*d - 11. Give h(-5).
4
Let i(b) = -3*b + 32. Give i(9).
5
Let v(m) = m - 9. Calculate v(0).
-9
Let y(d) = d + 9. Determine y(-6).
3
Let m(y) = 3*y + 2. Calculate m(4).
14
Let c(r) = -32*r**2. What is c(1)?
-32
Let r(y) = -y**2 + 19*y - 37. Calculate r(16).
11
Let f(m) = 8*m**3 - m**2 - m + 1. Determine f(1).
7
Let l(c) = -59*c + 7. Calculate l(2).
-111
Let a(v) = -2*v**3 + 45*v**2 + 34*v - 256. What is a(23)?
-3
Let x(t) = t**3 - 10*t**2 - 13*t - 10. Calculate x(11).
-32
Let v(s) = s**3 + 10*s**2 + s + 3. What is v(-10)?
-7
Let c(j) = 4*j + 31. Determine c(-12).
-17
Let z(a) = 34*a**2 - a. Calculate z(-1).
35
Let j(u) = -u**2 - 9*u - 4. Give j(-6).
14
Let t(w) = 3*w - 1. Calculate t(-6).
-19
Let k(q) = -q**3 - 10*q**2 - 8*q + 15. Give k(-9).
6
Let z(c) = c**2 - 30*c - 6. Calculate z(31).
25
Let p(l) = -44*l + 403. Give p(9).
7
Let o(a) = a**2 - 13*a + 8. What is o(11)?
-14
Let d(p) = p**2 + 25*p + 5. Calculate d(0).
5
Let q(i) = -i**2 + 33*i - 244. Calculate q(11).
-2
Let z(q) = 3*q - 46. What is z(15)?
-1
Let y(z) = 58*z + 687. What is y(-12)?
-9
Let z(f) = -4*f + 67. Calculate z(0).
67
Let u(a) = 16*a**2 - a + 1. Give u(1).
16
Let x(l) = l**3 - 13. Calculate x(0).
-13
Let r(h) = -h**3 + 7*h**2 - h - 1. Give r(7).
-8
Let b(m) = -m**3 - 6*m**2 + 16*m - 5. Calculate b(-8).
-5
Let u(h) = 7*h**3 - h**2 - h - 5. Determine u(-2).
-63
Let t(w) = w + 6. What is t(-3)?
3
Let x(u) = -3*u**2 - 3*u - 23. What is x(-6)?
-113
Let d(p) = 3*p + 11. Calculate d(1).
14
Let m(a) = -a**3 + 20*a**2 - 30*a - 102. Calculate m(18).
6
Let h(x) = 20*x + 409. What is h(-22)?
-31
Let c(h) = h**3 - 2*h**2 - h - 6. Calculate c(0).
-6
Let g(r) = r**2 + 19*r - 88. Calculate g(-23).
4
Let c(n) = -n**3 + 18*n**2 - 33*n + 16. Give c(16).
0
Let z(p) = -14*p. Give z(2).
-28
Let s(w) = 2*w**2 + 3. Determine s(2).
11
Let m(l) = -2*l - 21. Give m(-10).
-1
Let s(f) = f**3 + 3*f + 69. What is s(0)?
69
Let y(o) = -o**3 - 2*o**2 + 18*o + 11. Determine y(-5).
-4
Let w(g) = g**2 + 9*g + 18. Determine w(-8).
10
Let l(j) = j**2 + 45*j - 17. Determine l(-45).
-17
Let q(k) = k**3 + 18*k**2 + 31*k + 6. Give q(-16).
22
Let p(g) = -g**2 - 9*g + 34. Determine p(-11).
12
Let h(n) = -n**3 + 35*n**2 - 37*n + 105. Determine h(34).
3
Let r(y) = -y**2 - 6*y - 12. What is r(-6)?
-12
Let b(l) = -2*l + 11. Give b(8).
-5
Let t(g) = -7*g - 75. Determine t(-11).
2
Let y(d) = -d**2 + 18*d - 39. Calculate y(15).
6
Let q(p) = p**3 - 64*p - 9. Give q(-8).
-9
Let s(h) = -2*h**3 + 26*h**2 - 81*h + 1. Determine s(8).
-7
Let i(x) = -x**3 - 12*x**2 + 3*x - 15. Give i(-12).
-51
Let w(o) = 9*o + 6. What is w(0)?
6
Let i(d) = -d**3 - 9*d**2 - 6*d + 9. Give i(-9).
63
Let o(r) = r**3 - 5*r**2 - 15*r + 4. Calculate o(7).
-3
Let r(h) = -h**3 - 14*h**2 + 27*h - 66. Calculate r(-16).
14
Let z(y) = 4*y - 57. What is z(15)?
3
Let j(w) = -w**3 + 13*w**2 + 7*w + 4. What is j(14)?
-94
Let t(r) = 3*r**2 + 6*r + 4. Give t(-2).
4
Let q(s) = -s**2 + 4*s + 2. Calculate q(1).
5
Let m(k) = 2*k + 1. What is m(0)?
1
Let q(p) = -13*p + 4. What is q(-3)?
43
Let k(z) = -8*z. Calculate k(-1).
8
Let w(i) = i**3 - 15*i**2 + 15*i - 22. Give w(14).
-8
Let f(v) = 12*v. What is f(1)?
12
Let l(y) = y**2 + 11*y - 1. Determine l(0).
-1
Let v(b) = 110*b**2 - b + 1. What is v(1)?
110
Let a(g) = -g**3 + 4*g + 3. Calculate a(-2).
3
Let s(j) = -j**3 + 5*j**2 + 9*j - 2. Give s(6).
16
Let g(p) = -58*p**3 + p + 2. What is g(-1)?
59
Let w(y) = -y**2 + 5*y + 24. Give w(-4).
-12
Let u(s) = 18*s + 67. What is u(-4)?
-5
Let u(m) = 10*m**2 - m + 3. Determine u(1).
12
Let p(o) = 2*o**2 + 8*o - 1. Calculate p(-6).
23
Let c(u) = -2*u - 7. What is c(7)?
-21
Let s(u) = u**3 + 25*u**2 - 117*u - 39. What is s(-29)?
-10
Let u(y) = -14*y + 219. Calculate u(15).
9
Let q(o) = 2*o + 17. Give q(-6).
5
Let k(y) = -y - 2. Calculate k(-6).
4
Let m(l) = 33*l + 289. What is m(-9)?
-8
Let u(g) = 3*g**2 + 4*g + 5. Determine u(-1).
4
Let w(l) = 2*l**2 - 36*l + 6. Determine w(18).
6
Let m(u) = u**3 - u + 89. What is m(0)?
89
Let c(o) = -3*o - 28. Determine c(-9).
-1
Let j(b) = -b**3 - b**2 - b + 1. Calculate j(0).
1
Let b(d) = d**3 - 10*d**2 + 14*d + 4. Determine b(8).
-12
Let n(a) = -a**3 - 10*a**2 + 9*a - 8. Determine n(-11).
14
Let w(p) = -p**2 + 15*p - 25. Calculate w(12).
11
Let c(m) = 2*m - 48. Calculate c(25).
2
Let n(d) = -d**3 + 15*d**2 + 31*d + 41. Give n(17).
-10
Let g(w) = -9*w**2 - 2*w + 2. What is g(-2)?
-30
Let v(p) = -p**3 - 26*p**2 - 42*p - 35. Give v(-24).
-179
Let u(h) = -h**2 + 25*h - 85. Determine u(21).
-1
Let c(d) = 2*d**3 - 10*d**2 + 4*d + 10. Determine c(4).
-6
Let j(g) = -8*g**3 + 3*g**2 - 3. Calculate j(-2).
73
Let r(m) = 8*m**2 + 74*m + 9. Give r(-9).
-9
Let t(a) = 4*a**2 - a + 4. Calculate t(-5).
109
Let c(l) = l**3 + 13*l**2 + 18*l - 31. What is c(-11)?
13
Let j(q) = -4*q**2 - 14*q + 31. What is j(-5)?
1
Let a(j) = -2*j**3 + 10*j**2 - j - 11. Calculate a(4).
17
Let b(n) = 2*n**2 + 10*n + 10. Calculate b(-4).
2
Let a(d) = -d**2 + 7*d - 7. Determine a(5).
3
Let o(y) = 5*y + 5. Calculate o(4).
25
Let c(a) = -a - 5. Give c(-6).
1
Let m(q) = 5*q - 135. What is m(26)?
-5
Let j(n) = -n**3 - 8*n**2 + 6*n - 25. Calculate j(-9).
2
Let t(r) = 2*r**2 - 5*r + 18. Give t(3).
21
Let s(b) = 5*b**2 + 2*b + 4. Calculate s(3).
55
Let a(c) = -c**3 + 61*c**2 - 117*c - 61. Give a(59).
-2
Let z(w) = -w**2 + 27*w - 110. Determine z(22).
0
Let b(n) = -n**3 + 2*n**2 + 5*n - 6. What is b(4)?
-18
Let u(n) = -11*n - 3. What is u(-1)?
8
Let j(q) = -6*q**2 + 10*q - 9. Determine j(3).
-33
Let s(f) = -f**2 - 9*f - 15. Determine s(-6).
3
Let f(k) = -k - 30. Give f(-6).
-24
Let i(t) = -t**3 - 4*t**2 + 3*t + 9. Give i(-4).
-3
Let c(o) = 2*o + 5. Give c(1).
7
Let t(y) = -y**2 - 